ime factors of (64/(-3))/(u + (-6)/54).
2, 3
What are the prime factors of 521002/25 + (-40)/6500*13?
2, 5, 521
Let q be 1/((-1)/(-3)) - 3/1. Suppose 1077 = 3*s - 3*y, q = -2*s - 4*y + y + 718. What are the prime factors of s?
359
What are the prime factors of ((-455)/26 + 15)*144544/(-10)?
2, 4517
Suppose -16*f = 18*f - 11*f - 247940. List the prime factors of f.
2, 5, 7, 11
Suppose 14 + 18 = 2*q. Suppose -2340 = -6*l + q*l. Let t = -121 - l. List the prime factors of t.
113
Let b = 1415 + -961. List the prime factors of b.
2, 227
Suppose 4*f + 3*v + 15 = 0, 0*v + 25 = -4*f - 5*v. Suppose f = -3*c + 2*d + 3440, -25*d = 5*c - 22*d - 5727. What are the prime factors of c?
2, 3, 191
Let b = 943 + -538. Suppose 0 = 4*g - b - 819. What are the prime factors of g?
2, 3, 17
Let y(f) = -18*f**3 + 2*f**2 + f + 3. Let j be y(3). Let w = j + 1025. What are the prime factors of w?
563
Let g be 17/(136/16) + 3*6. Let x(q) = -q**3 + 19*q**2 + 28*q + 28. List the prime factors of x(g).
2, 47
Suppose 146*w - 144*w - 4*j = 37352, -4*w - j = -74731. List the prime factors of w.
2, 9341
Let z(i) = -i + 23. Let c be z(-5). Suppose -27*g + c*g = 3. Suppose -4*f + 2*n = -37 - 127, -2*f + g*n + 74 = 0. What are the prime factors of f?
43
Suppose 1015164 = -75*x - 44*x + 3110159. What are the prime factors of x?
5, 7, 503
Let v be (4 - (-3)/3) + -6 - -9937. Suppose -v = 22*u - 40*u. What are the prime factors of u?
2, 3, 23
Let m be (-55)/(-9) - (8 + 639/(-81)). List the prime factors of (579/m)/((-12)/(-24)).
193
What are the prime factors of -15*(-17)/(-51) - -3784?
3779
Let w = 8 + -4. Suppose -122*c - 70 = -136*c. Suppose c*f = -4*q + 800, -w*q + 3*q = 3*f - 200. List the prime factors of q.
2, 5
Let j = 182060 - 129118. What are the prime factors of j?
2, 103, 257
Suppose 2*d - 9541 = 4671. What are the prime factors of d?
2, 11, 17, 19
Suppose 0 = 149*g + 378*g - 20275271. What are the prime factors of g?
79, 487
Suppose 79788 = 4*g - 4*d, 0*d + 24 = 3*d. List the prime factors of g.
5, 13, 307
Let g(k) = -23*k + 555. Let h be g(19). Suppose s = 4*d + 10, 4*d = 2*s - 6*s. Suppose -s*m + h + 102 = 0. What are the prime factors of m?
2, 5, 11
Let j be 2 + (289 - (9 + -6)). Let n = j + 238. List the prime factors of n.
2, 263
Let f = 1033 + -626. Let y = f + -60. List the prime factors of y.
347
List the prime factors of (-231540)/(-21) + (-172)/(-602).
2, 37, 149
Suppose 148*m - 15 = 147*m. List the prime factors of (85/m - -2)/((-1)/(-3)).
23
Let d = 6436 - -61283. What are the prime factors of d?
3, 22573
Let a be -1*(-2 - 0)/((-3)/(-2085)). Suppose -5*q + k = -3459, 2*k = q + q - a. What are the prime factors of q?
691
Let y = 25881 - 19114. List the prime factors of y.
67, 101
Let f = 137 + -137. Let n be (-1)/(-2 + 3/2). Suppose -n*x - 19 + 39 = f. What are the prime factors of x?
2, 5
Let h(k) = 2*k**3 + 10*k**2 - 2*k + 4. Let s(l) = l**3 + 12*l**2 - 3*l + 5. Let m(x) = -3*h(x) + 2*s(x). What are the prime factors of m(-6)?
2, 17, 19
Suppose 4 = 4*o, -3*o + 2*o = -3*y + 23. Suppose -s - l - 12 = -2*s, -2*l = 4*s - 24. Let h = y + s. What are the prime factors of h?
2
Let d = 63 + -55. Suppose 4*a + 12 = 5*g, 3*g - 4*a = -d*a - 12. Suppose g = -r + 1 + 89. What are the prime factors of r?
2, 3, 5
Let w = 331 + -352. What are the prime factors of 1005 - 0 - 10/(70/w)?
2, 3, 7
Let v = -98 + 75. Let m = v - -25. Suppose -4*l + 17 = 5*a, -6 = m*l - 2. List the prime factors of a.
5
Let y(v) = 2*v**2 + 15*v + 7786. List the prime factors of y(-106).
2, 3, 2389
Let r(l) = -3*l**3 - 4*l**2 - 8*l - 36. Let a(y) = -8*y + 20. Let x be a(3). What are the prime factors of r(x)?
2, 31
Let i be 10 + (-2 - -1) + 2. Suppose 0 = 20*l + 7*l + l. Suppose i*d + 360 - 2164 = l. What are the prime factors of d?
2, 41
Suppose -2*z + 20 = -7*z - 5*k, 0 = z - 2*k + 1. Let o = 0 - z. Suppose -2*i - 72 = -j, j + o*j - 2*i = 264. What are the prime factors of j?
2
Suppose 33 = -4*s - 19. Let o(b) = 3*b + 42. Let v be o(s). Suppose 4*p - 624 = v*r - 5*r, p = -3*r + 161. What are the prime factors of p?
5, 31
Suppose 4*v + 5*k = 235, 11*v + 5*k - 170 = 8*v. Suppose -34*w + v + 377 = 0. What are the prime factors of w?
13
Let x be (-3 - (-2)/2)*-76. Suppose o = 6*o - 4*r - 374, 2*o = 4*r + x. List the prime factors of o.
2, 37
Let l = 39 - 36. Let m = 3 - l. Suppose m*s + 36 = s. What are the prime factors of s?
2, 3
Let x be ((-16)/(-2))/(2/1) + 59. List the prime factors of (3/(-7) - (-48)/x)*309.
103
Let k(g) = -58*g - 20. Let r be k(-2). List the prime factors of r*(-3)/(-3)*(-7)/(-3).
2, 7
Suppose -4*m + 16 + 16 = 0. Let a be 1*4 - (58 + 2)*m. Let o = a + 693. What are the prime factors of o?
7, 31
Suppose -5*v - 22 = -7, 5*k + 5*v - 40 = 0. Let d be 5/20 - k/(-4). Suppose c - i - 77 = 0, 0 = -3*i + d + 3. What are the prime factors of c?
79
Let t be (-1 - 1)*(-3)/2. Suppose 4*d - t*n = -2*n + 85, d - n - 22 = 0. What are the prime factors of -1 + d/((-4)/(-4))?
2, 5
Suppose 0*d + 14 = 2*d - 4*l, 0 = -4*d + l - 7. Let g = 53 + d. What are the prime factors of g?
2, 5
Suppose 1980090 = 79*g - 6*g + 17*g. What are the prime factors of g?
7, 449
Suppose -12 = -2*f - 6. Let d(m) = -m**3 + 2*m**2 + 4*m + 1. Let z be d(f). What are the prime factors of ((-60)/(-18) - z)/(4/(-498))?
83
Let v(s) = -188*s + 15. Let m(g) = 187*g - 16. Let w(r) = -3*m(r) - 2*v(r). What are the prime factors of w(-1)?
7, 29
Let f(s) = 2*s**2 + 6*s + 16. Let z be f(-6). Suppose 0 = 47*t - z*t + 2815. What are the prime factors of t?
563
Suppose -54*z = 16*z - 13124 - 281716. List the prime factors of z.
2, 3, 13
Suppose 5*q + 4 = 14. Suppose 0 = 2*v + 5*f - 43, -2*v - q*f = -7*f - 13. Suppose 6*u = v*u - 768. List the prime factors of u.
2, 3
Suppose 6225 = r - 23*l + 28*l, 4*r + l - 24805 = 0. What are the prime factors of r?
2, 5, 31
Suppose 5*y + 17*a - 14*a - 50159 = 0, 5*y = 5*a + 50175. List the prime factors of y.
79, 127
Suppose 8*p - 3*p - 3*m + 35 = 0, 55 = -5*p - m. Let u = p + 25. Suppose -y = y + 6, 2*v = -3*y + u. List the prime factors of v.
2, 3
Let z(j) = 1233*j - 1120. List the prime factors of z(11).
23, 541
Suppose 0 = -39*o + 41*o + 6, -4*n + 3*o = -8977. What are the prime factors of n?
2, 19, 59
Suppose i - 3*q = -4*q + 11317, 22646 = 2*i - 2*q. What are the prime factors of i?
2, 5, 283
Suppose 0 = k + 3*k. Let z = -546 + 579. Suppose k = -5*a + 4*a - p + z, 0 = -4*a - p + 147. List the prime factors of a.
2, 19
Let g = 1029 - 1448. Let a = g + 695. List the prime factors of a.
2, 3, 23
Let c(m) = 82*m**2 + m. Let r = 46 + -23. Let p be (2/4)/(r/(-46)). List the prime factors of c(p).
3
Let q(g) = -13*g + 22. Let m(t) = 12*t - 22. Let f(s) = -5*m(s) - 6*q(s). What are the prime factors of f(14)?
2, 5, 23
Suppose -926 - 546 = -8*v. Suppose 3*j - 88 = -p, -j - v = -2*p - 3*j. Let d = p + -53. List the prime factors of d.
41
Suppose 0 = -28*q - 247*q + 2501675. List the prime factors of q.
11, 827
Let t(o) be the first derivative of 2*o**3 - 4*o**2 - 18*o + 6. What are the prime factors of t(8)?
2, 151
List the prime factors of (93060/(-90))/((-4)/168).
2, 3, 7, 11, 47
Let g = 253 + 741. Suppose -3*a + 2*b + 2284 = 0, 2*a - b - 530 = g. What are the prime factors of a?
2, 191
Let c(r) = -213*r - 11. Let w be c(-13). Suppose -5*n = -12*n + w. What are the prime factors of n?
2, 197
Suppose 682*o - 683*o = z - 7119, 0 = o - 2*z - 7134. What are the prime factors of o?
2, 13, 137
Let n(f) = 105*f**2 - 18*f - 16. Let o = -47 - -44. List the prime factors of n(o).
983
Let g = -52 + 52. Suppose g = -4*x + 4*s + 124, -x + 3*x = -s + 68. List the prime factors of (-911)/(-11) - (-6)/x.
83
Suppose 0 = 2*x - 2*y + y + 94, -4*y = -8. Let z(o) = -o**2 + 3*o + 123. Let t be z(16). Let k = x - t. List the prime factors of k.
3, 13
Let x be 54/13 - 8/52. Suppose -f = -a - 42, 3*a + 147 = 5*f - 65. Suppose -113 - f = -x*d. What are the prime factors of d?
3, 13
Let a(u) = -u**2 + 18*u - 51. Let f be a(14). Let x be (-64)/80*15/(-2). List the prime factors of 3/(x/(-4)*f/(-360)).
2, 3
Let n = -264 - -404. Let r(w) = 93*w + 696. Let z be r(-8). Let q = z + n. What are the prime factors of q?
2, 23
Suppose 0*l + 2*l = 4. Suppose d - j + l = 4, 6 = 3*d + 4*j. Suppose -22 = -4*q + d*q. List the prime factor